1022000002
Convert eeb (base 15) to base 8.
6453
What is 22011 (base 5) in base 12?
a56
Convert -242 (base 10) to base 14.
-134
Convert -6ecc (base 15) to base 14.
-8852
Convert -251 (base 7) to base 13.
-a4
30261 (base 7) to base 3
101002000
Convert -111011001 (base 2) to base 7.
-1244
Convert 25003 (base 7) to base 16.
1978
What is 61260 (base 7) in base 9?
22373
What is -d786 (base 16) in base 14?
-16170
-429 (base 11) to base 10
-515
What is -201122222 (base 3) in base 14?
-5320
Convert 2c9b (base 14) to base 4.
1330221
Convert -aaa (base 15) to base 14.
-c42
-722 (base 8) to base 10
-466
45151 (base 7) to base 13
5263
-22114 (base 5) to base 13
-910
What is -201441 (base 7) in base 8?
-102606
-2623 (base 7) to base 10
-997
What is 2365 (base 15) in base 10?
7520
What is -4102 (base 5) in base 12?
-37b
Convert 325 (base 7) to base 10.
166
Convert 113021 (base 4) to base 9.
2025
What is -3c (base 16) in base 7?
-114
-318 (base 15) to base 14
-37c
What is 10444 (base 5) in base 16?
2ed
What is 4030 (base 9) in base 2?
101101111111
1332b (base 12) to base 14
988b
Convert 2000 (base 6) to base 9.
530
What is 300 (base 7) in base 9?
173
11211 (base 4) to base 6
1353
-31663 (base 8) to base 7
-53405
223030 (base 4) to base 11
2093
411336 (base 7) to base 10
70146
Convert -3605 (base 9) to base 15.
-bd8
-618 (base 12) to base 6
-4032
Convert 1011001111 (base 2) to base 6.
3155
What is -44ab (base 13) in base 2?
-10010110000101
Convert 3213 (base 5) to base 11.
364
-278 (base 12) to base 11
-316
45b (base 15) to base 6
4322
34c (base 15) to base 7
2115
Convert -31054 (base 7) to base 6.
-55041
82 (base 15) to base 14
8a
What is -4163 (base 8) in base 6?
-14003
What is 40132 (base 6) in base 11?
3a34
147584 (base 9) to base 13
32497
What is 1111010001 (base 2) in base 13?
5a2
-2623 (base 8) to base 11
-1088
What is 2012121210 (base 3) in base 15?
cd29
What is -73880 (base 10) in base 8?
-220230
Convert 124066 (base 7) to base 3.
1011120221
-650a (base 12) to base 7
-44233
What is -61913 (base 10) in base 13?
-22247
Convert 10111 (base 5) to base 9.
808
1c9 (base 13) to base 4
11032
What is 4132 (base 6) in base 2?
1110011000
What is 44a (base 11) in base 5?
4123
Convert 5a06 (base 15) to base 6.
224323
-10011001 (base 2) to base 16
-99
-5352 (base 11) to base 9
-10631
Convert 4386 (base 13) to base 10.
9405
-9074 (base 13) to base 7
-111632
Convert -6a4 (base 13) to base 3.
-1120112
Convert -878 (base 10) to base 11.
-729
Convert -cda2 (base 16) to base 10.
-52642
7274 (base 10) to base 8
16152
What is 200 (base 16) in base 2?
1000000000
Convert -1b62b (base 13) to base 15.
-10e04
Convert 1d2 (base 16) to base 4.
13102
-1280 (base 15) to base 16
-f69
Convert 1686 (base 13) to base 7.
12453
What is 685 (base 10) in base 9?
841
What is -21e5 (base 16) in base 11?
-6579
Convert 231b (base 13) to base 16.
133d
Convert -5753 (base 8) to base 9.
-4160
What is 1383 (base 9) in base 15?
49c
Convert 134012 (base 6) to base 14.
47d6
Convert -3b2 (base 13) to base 8.
-1214
Convert -662 (base 12) to base 8.
-1652
-2cb (base 14) to base 4
-20323
What is -16a60 (base 11) in base 2?
-101110101011111
What is -308 (base 13) in base 4?
-20003
-1645 (base 8) to base 12
-659
What is -498 (base 13) in base 4?
-30201
-60 (base 7) to base 6
-110
Convert -20101 (base 4) to base 12.
-381
348 (base 10) to base 12
250
What is 1253 (base 9) in base 6?
4203
What is c3a8 (base 16) in base 4?
30032220
What is -116402 (base 9) in base 11?
-48909
Convert 676 (base 9) to base 5.
4210
What is 25230 (base 6) in base 13?
1935
What is 45065 (base 9) in base 4?
13103330
What is 628 (base 12) in base 11?
745
What is 44 (base 12) in base 6?
124
What is 101101 (base 2) in base 13?
36
What is 21132 (base 9) in base 3?
201011002
7301 (base 8) to base 7
14004
21432 (base 9) to base 5
423304
What is -29c (base 13) in base 5?
-3332
Convert -41cc (base 13) to base 3.
-110111222
Convert -23343 (base 7) to base 16.
-1779
-3b3b (base 12) to base 14
-26ab
Convert 11582 (base 11) to base 15.
4e12
21b7 (base 15) to base 12
4177
What is 554 (base 12) in base 2?
1100010000
1d19 (base 15) to base 4
1202310
What is a4 (base 12) in base 10?
124
What is -52353 (base 6) in base 12?
-40b9
1210102 (base 3) to base 2
10100011011
-72d (base 16) to base 12
-1091
What is -10223 (base 6) in base 11?
-1048
324222 (base 6) to base 12
13672
Convert -392 (base 11) to base 5.
-3324
223231 (base 4) to base 10
2797
Convert -11101001000000 (base 2) to base 5.
-434122
-2da (base 14) to base 2
-1001001000
What is 340 (base 5) in base 4?
1133
What is -111011001 (base 2) in base 10?
-473
Convert -1222 (base 4) to base 2.
-1101010
Convert -32c (base 13) to base 2.
-1000100001
What is -3033 (base 5) in base 6?
-1453
19d1 (base 16) to base 4
1213101
-323115 (base 6) to base 4
-12133313
Convert 1020012 (base 3) to base 12.
628
-13aa (base 13) to base 11
-2156
Convert -111001000 (base 3) to base 12.
-5600
2265 (base 10) to base 7
6414
15246 (base 7) to base 10
4248
What is -2420 (base 7) in base 13?
-53c
-10111011100 (base 2) to base 12
-a50
-2545 (base 13) to base 11
-3a85
-19e2 (base 15) to base 12
-32b8
Convert -5945 (base 11) to base 15.
-2498
Convert 1a10 (base 15) to base 4.
1120020
What is 104 (base 15) in base 9?
274
Convert -131442 (base 7) to base 13.
-b259
What is -23ce (base 16) in base 11?
-6983
Convert -3101 (base 6) to base 13.
-409
c4ce (base 16) to base 15
eddc
Convert -42 (base 7) to base 14.
-22
Convert -7522 (base 15) to base 4.
-12003032
-1525 (base 7) to base 14
-315
-7f47 (base 16) to base 12
-16a33
What is 7190 (base 11) in base 13?
4458
Convert -632 (base 14) to base 8.
-2304
What is -30341 (base 5) in base 6?
-13043
Convert -1101101100 (base 2) to base 7.
-2361
Convert 11b7 (base 13) to base 3.
10110012
Convert 70456 (base 9) to base 5.
2440202
What is 498 (base 15) in base 11?
869
30444 (base 5) to base 16
7cf
100000 (base 4) to base 8
2000
Convert -15037 (base 13) to base 8.
-115250
What is 12034 (base 6) in base 3?
2101211
Convert -261 (base 7) to base 4.
-2031
What is -34ac (base 13) in base 10?
-7409
Convert -210315 (base 8) to base 11.
-48519
Convert -1554 (base 6) to base 2.
-110101110
-57503 (base 8) to base 16
-5f43
What is 100111000 (base 2) in base 16?
138
Convert -4a8b (base 14) to base 9.
-18820
-46306 (base 9) to base 15
-922c
Convert 10103003 (base 4) to base 14.
65b5
464 (base 10) to base 12
328
Convert -9605 (base 15) to base 5.
-2003410
What is -233003 (base 7) in base 12?
-20275
Convert -41304 (base 5) to base 9.
-3634
Convert 2322213 (base 4) to base 8.
27247
-1144125 (base 6) to base 16
-ec75
-12001000 (base 3) to base 11
-2839
Convert -3cbc (base 14) to base 7.
-43225
What is 504c (base 15) in base 16?
4233
What is -5450 (base 13) in base 14?
-43b8
What is -1222a (base 13) in base 7?
-166112
-40521 (base 6) to base 14
-1d61
Convert 786 (base 14) to base 5.
21430
What is -4231 (base 8) in base 3?
-10000112
-1003112 (base 4) to base 12
-25b2
-101455 (base 6) to base 3
-102012122
222201 (base 3) to base 8
1321
What is 152132 (base 6) in base 13?
6932
-800 (base 12) to base 6
-5200
554 (base 10) to base 15
26e
-15a7 (base 11) to base 2
-100000000101
1b840 (base 13) to base 2
1101001101110100
What is 204403 (base 5) in base 14?
26d7
What is 100020210 (base 3) in base 2?
1101001011000
What is 2000211 (base 3) in base 7?
4213
Convert -323330 (base 7) to base 5.
-3301140
1232110 (base 4) to base 2
1101110010100
Convert 134304 (base 6) to base 13.
59a4
5812 (base 10) to base 15
1ac7
What is -13a89 (base 11) in base 10?
-19941
What is 20102 (base 5) in base 4?
103331
Convert 41 (base 16) to base 2.
1000001
166 (base 9) to base 11
119
What is 1260 (base 10) in base 14?
660
-2a9 (base 14) to base 7
-1402
What is 1b2 (base 16) in base 2?
110110010
Convert 13610 (base 7) to base 13.
1910
What is -114502 (base 6) in base 8?
-23606
Convert 1300202 (base 5) to base 14.
91b6
-31 (base 8) to base 12
-21
751 (base 9) to base 6
2501
Convert -784 (base 9) to base 13.
-3a6
1203 (base 15) to base 7
14106
Convert 8cb (base 16) to base 15.
a01
What is 626 (base 8) in base 6?
1514
Convert 33145 (base 6) to base 8.
10771
Convert 14012 (base 6) to base 4.
201320
What is -702 (base 12) in base 3?
-1101102
425